{"id":684,"date":"2021-04-24T00:13:31","date_gmt":"2021-04-24T03:13:31","guid":{"rendered":"https:\/\/thalitaramalho.com\/?page_id=684"},"modified":"2025-01-10T21:54:52","modified_gmt":"2025-01-11T00:54:52","slug":"684-2","status":"publish","type":"page","link":"https:\/\/thalitaramalho.com\/?page_id=684","title":{"rendered":"Sobre"},"content":{"rendered":"\n<figure class=\"wp-block-image alignfull\"><img loading=\"lazy\" decoding=\"async\" width=\"1024\" height=\"576\" src=\"http:\/\/thalitaramalho.com\/wp-content\/uploads\/2021\/06\/Psicologa-Thalita-Ramalho-Psicologia-Clinica-e-Neuropsicologia-1024x576.jpg\" alt=\"\" class=\"wp-image-1010\" srcset=\"https:\/\/thalitaramalho.com\/wp-content\/uploads\/2021\/06\/Psicologa-Thalita-Ramalho-Psicologia-Clinica-e-Neuropsicologia-1024x576.jpg 1024w, https:\/\/thalitaramalho.com\/wp-content\/uploads\/2021\/06\/Psicologa-Thalita-Ramalho-Psicologia-Clinica-e-Neuropsicologia-300x169.jpg 300w, https:\/\/thalitaramalho.com\/wp-content\/uploads\/2021\/06\/Psicologa-Thalita-Ramalho-Psicologia-Clinica-e-Neuropsicologia-768x432.jpg 768w, https:\/\/thalitaramalho.com\/wp-content\/uploads\/2021\/06\/Psicologa-Thalita-Ramalho-Psicologia-Clinica-e-Neuropsicologia-1536x864.jpg 1536w, https:\/\/thalitaramalho.com\/wp-content\/uploads\/2021\/06\/Psicologa-Thalita-Ramalho-Psicologia-Clinica-e-Neuropsicologia.jpg 1920w\" sizes=\"auto, (max-width: 1024px) 100vw, 1024px\" \/><\/figure>\n\n\n\n<div class=\"wp-block-group alignwide\"><div class=\"wp-block-group__inner-container is-layout-flow wp-block-group-is-layout-flow\">\n<div class=\"wp-block-columns is-layout-flex wp-container-core-columns-is-layout-9d6595d7 wp-block-columns-is-layout-flex\">\n<div class=\"wp-block-column is-layout-flow wp-block-column-is-layout-flow\" style=\"flex-basis:70%\">\n<h2 class=\"wp-block-heading has-text-align-center\"><strong>Psic\u00f3loga Cl\u00ednica<\/strong><br>Terapia Cognitivo-Comportamental<br>CRP: 06\/113771<\/h2>\n\n\n\n<p><\/p>\n\n\n\n<div class=\"wp-block-group\"><div class=\"wp-block-group__inner-container is-layout-constrained wp-block-group-is-layout-constrained\">\n<p>&#8211; Psic\u00f3loga com mais de 10 anos de atua\u00e7\u00e3o e experi\u00eancia cl\u00ednica.<br><br>&#8211; T\u00edtulo de especialista em Psicologia Cl\u00ednica registrado no CRPSP;<\/p>\n\n\n\n<p>&#8211; Possui Especializa\u00e7\u00e3o em Terapia Cognitivo Comportamental.<br><br>&#8211; Supervisora Cl\u00ednica.<br><br>&#8211; Estudou Terapia de Aceita\u00e7\u00e3o e Compromisso &#8211; ACT diretamente com Steven Hayes, com certifica\u00e7\u00e3o internacional reconhecida pela American Psychological Association &#8211; APA<\/p>\n\n\n\n<p>-Possui extens\u00e3o em Psicopatologia e Tecnicas Cognitivo Comportamentais, al\u00e9m de participar anualmente dos principais congressos, workshops e eventos da \u00e1rea de sa\u00fade mental.<br><br>&#8211; Neuropsic\u00f3loga e Pesquisadora Volunt\u00e1ria pelo Instituto de Neurologia da Faculdade de Medicina da USP.<\/p>\n<\/div><\/div>\n\n\n\n<div class=\"wp-block-columns is-layout-flex wp-container-core-columns-is-layout-9d6595d7 wp-block-columns-is-layout-flex\">\n<div class=\"wp-block-column is-layout-flow wp-block-column-is-layout-flow\" style=\"flex-basis:65%\"><\/div>\n<\/div>\n<\/div>\n\n\n\n<div class=\"wp-block-column is-layout-flow wp-block-column-is-layout-flow\">\n<figure class=\"wp-block-image size-large\"><img loading=\"lazy\" decoding=\"async\" width=\"683\" height=\"1024\" src=\"http:\/\/thalitaramalho.com\/wp-content\/uploads\/2021\/04\/20200814_thalita_ramalho_-130-683x1024.jpg\" alt=\"\" class=\"wp-image-689\" srcset=\"https:\/\/thalitaramalho.com\/wp-content\/uploads\/2021\/04\/20200814_thalita_ramalho_-130-683x1024.jpg 683w, https:\/\/thalitaramalho.com\/wp-content\/uploads\/2021\/04\/20200814_thalita_ramalho_-130-200x300.jpg 200w, https:\/\/thalitaramalho.com\/wp-content\/uploads\/2021\/04\/20200814_thalita_ramalho_-130-768x1152.jpg 768w, https:\/\/thalitaramalho.com\/wp-content\/uploads\/2021\/04\/20200814_thalita_ramalho_-130-1024x1536.jpg 1024w, https:\/\/thalitaramalho.com\/wp-content\/uploads\/2021\/04\/20200814_thalita_ramalho_-130.jpg 1280w\" sizes=\"auto, (max-width: 683px) 100vw, 683px\" \/><\/figure>\n<\/div>\n<\/div>\n<\/div><\/div>\n\n\n\n<p><\/p>\n","protected":false},"excerpt":{"rendered":"<p>Psic\u00f3loga Cl\u00ednicaTerapia Cognitivo-ComportamentalCRP: 06\/113771 &#8211; Psic\u00f3loga com mais de 10 anos de atua\u00e7\u00e3o e experi\u00eancia cl\u00ednica. &#8211; T\u00edtulo de especialista em Psicologia Cl\u00ednica registrado no CRPSP; &#8211; Possui Especializa\u00e7\u00e3o em Terapia Cognitivo Comportamental. &#8211; Supervisora Cl\u00ednica. &#8211; Estudou Terapia de Aceita\u00e7\u00e3o e Compromisso &#8211; ACT diretamente com Steven Hayes, com certifica\u00e7\u00e3o internacional reconhecida pela American &hellip;<\/p>\n<p class=\"read-more\"> <a class=\"\" href=\"https:\/\/thalitaramalho.com\/?page_id=684\"> <span class=\"screen-reader-text\">Sobre<\/span> Leia mais &raquo;<\/a><\/p>\n","protected":false},"author":1,"featured_media":0,"parent":0,"menu_order":0,"comment_status":"closed","ping_status":"closed","template":"","meta":{"om_disable_all_campaigns":false,"_monsterinsights_skip_tracking":false,"_monsterinsights_sitenote_active":false,"_monsterinsights_sitenote_note":"","_monsterinsights_sitenote_category":0,"footnotes":""},"class_list":["post-684","page","type-page","status-publish","hentry"],"_links":{"self":[{"href":"https:\/\/thalitaramalho.com\/index.php?rest_route=\/wp\/v2\/pages\/684","targetHints":{"allow":["GET"]}}],"collection":[{"href":"https:\/\/thalitaramalho.com\/index.php?rest_route=\/wp\/v2\/pages"}],"about":[{"href":"https:\/\/thalitaramalho.com\/index.php?rest_route=\/wp\/v2\/types\/page"}],"author":[{"embeddable":true,"href":"https:\/\/thalitaramalho.com\/index.php?rest_route=\/wp\/v2\/users\/1"}],"replies":[{"embeddable":true,"href":"https:\/\/thalitaramalho.com\/index.php?rest_route=%2Fwp%2Fv2%2Fcomments&post=684"}],"version-history":[{"count":23,"href":"https:\/\/thalitaramalho.com\/index.php?rest_route=\/wp\/v2\/pages\/684\/revisions"}],"predecessor-version":[{"id":1147,"href":"https:\/\/thalitaramalho.com\/index.php?rest_route=\/wp\/v2\/pages\/684\/revisions\/1147"}],"wp:attachment":[{"href":"https:\/\/thalitaramalho.com\/index.php?rest_route=%2Fwp%2Fv2%2Fmedia&parent=684"}],"curies":[{"name":"wp","href":"https:\/\/api.w.org\/{rel}","templated":true}]}}